 = -s**2 - s + 1. Let k(g) = -5*b(g) - l(g). Calculate the remainder when k(4) is divided by 5.
4
Suppose -2*i + 5*j + 34 = 0, -j + 3 = -4*i + 71. Calculate the remainder when 117 is divided by i.
15
Let m(c) = c**2 - 3*c. Let d(t) = 8*t. Let z(a) = -8*a - 1. Let u(k) = -4*d(k) - 3*z(k). Calculate the remainder when u(-4) is divided by m(6).
17
Let u = 14 + 3. Calculate the remainder when 50 is divided by u.
16
Let f(c) = c**3 + 6*c**2 + 5*c + 5. Let g be f(-5). Suppose g*l - 2*r = 49, -6*l + 45 = -3*l + 4*r. Calculate the remainder when l is divided by 6.
5
Let u = -79 + 98. What is the remainder when u is divided by 11?
8
Let b(a) = 2*a**3 - 2*a + 1. Let p be b(3). Let f = -2 + p. Calculate the remainder when f is divided by 8 + 488/(-64) + (-250)/(-16).
15
Calculate the remainder when 36 is divided by 422/20 - 13/130.
15
Let y be (-4 + 2)/((-1)/22). Let v = y - 72. What is the remainder when 18 is divided by 2/(-7) + (-288)/v?
8
Let s be (-4)/4 + (1 - -1). Let f be 3/(-9) - 5/3. What is the remainder when (s*f - -3)*29 is divided by 15?
14
Calculate the remainder when ((-3 - -3) + 1)*40 is divided by 12.
4
Let f = -44 - -31. Let a = 0 - f. Let q = 23 - a. What is the remainder when 19 is divided by q?
9
Let i = -19 + 13. Let k = -1 - i. Calculate the remainder when k is divided by 2.
1
What is the remainder when 116/10 - (-6)/(-10) is divided by 7?
4
What is the remainder when 18 is divided by ((-2)/(2/5))/(-1)?
3
Suppose t - 5*t + 5*i + 247 = 0, 0 = -4*t + 4*i + 252. What is the remainder when t is divided by 18?
14
Let b(h) = 5*h + 2. Let k be b(-5). Let q = -11 - k. What is the remainder when 456/21 - (-2)/7 is divided by q?
10
Let o(v) be the third derivative of 5*v**4/24 - 3*v**3/2 - 3*v**2. What is the remainder when o(8) is divided by 11?
9
Suppose j - 26 = -25. Let q(z) = -z**3 + 5*z**2 - 2*z - 5. Let y be q(4). Let h = j + y. What is the remainder when h is divided by 3?
1
Let a(q) = -q**2 + 9*q - 6. Let t be a(8). Suppose -15 = -5*f + t*f. Let r(g) = 2*g**2 - 2*g - 3. What is the remainder when r(-2) is divided by f?
4
Let j be (-2)/(-10) - 57/(-15). Let q(d) = -4*d**2 + d**3 + 3*d**2 + j*d**2. What is the remainder when 10 is divided by q(-2)?
2
Suppose 18*c + 60 = 20*c. Calculate the remainder when 84 is divided by c.
24
Suppose -4*i + 12 = 4*p - 32, 0 = 3*i + 12. What is the remainder when (19 + -10)*-1*6/(-2) is divided by p?
12
Suppose -o + 3*o = 40. Calculate the remainder when 58 is divided by o.
18
Suppose 0*d + 3*k = -2*d + 13, -5*d - 3*k = -19. Suppose -3*v + d = -13. What is the remainder when 8 is divided by v?
3
Let o = 1 + -4. Let a(f) = -2*f + 3. Suppose 75 = 3*r + 3*u, 6*r - r + 4*u = 126. What is the remainder when r is divided by a(o)?
8
Suppose 4*r + 6 = 2*r. Calculate the remainder when 37 is divided by -26*(r - -1)/4.
11
Let o(s) = -s**2 + 6*s - 1. Suppose -5 = 4*k - 5*k - 5*t, -5*k + 5*t + 25 = 0. Suppose 2 = 4*w - 10. What is the remainder when o(k) is divided by w?
1
Let r(o) = o - 3. Let f be r(4). What is the remainder when 3/f + (-76)/(-4) is divided by 8?
6
Suppose -35 = -5*n + 2*r, 0*r + 4*r - 47 = -3*n. What is the remainder when 15 is divided by n?
6
Suppose 3*m = w - m + 37, 88 = -4*w - 4*m. Let l = -19 - w. What is the remainder when 16 is divided by l?
4
Let u(t) = -2*t**3 + t**2 + 7*t**3 - 50*t + 50*t. Suppose 3 - 11 = m - 5*i, -4 = m - 3*i. Calculate the remainder when u(1) is divided by m.
0
Let c(r) = 3*r**2 - 7*r + 6. Let t(u) = u**2 - u - 18. Let h be t(0). Let p = -2 - h. Calculate the remainder when c(5) is divided by p.
14
What is the remainder when 8 is divided by ((-15)/10)/(1/(-2))?
2
Let m = -126 + 187. Let b = m + -10. Calculate the remainder when 27 is divided by -3 - (-3)/(9/b).
13
Suppose 98 = -7*p + 9*p. What is the remainder when p is divided by 18?
13
Suppose -y = -1, -3*i + 0*y + 41 = -y. What is the remainder when 25 is divided by i?
11
Let h(c) = 16*c**3 + 2*c**2 + c - 2. What is the remainder when 32 is divided by h(1)?
15
What is the remainder when ((-6)/(-4))/((-27)/(-612)) is divided by 18?
16
Suppose 0 = 8*l - 11*l + 150. Calculate the remainder when l is divided by 13.
11
Let v = 100 + -72. What is the remainder when v is divided by 11?
6
Suppose -5*l - 42 = -f, -l + 4*f = -1 - 2. What is the remainder when 44 is divided by (69/l)/(2/(-6))?
21
Let z(c) = c**3 - 2*c**2 + c. Let t be z(1). Suppose -9 = -3*w - t. What is the remainder when w is divided by 1?
0
Suppose -2*y = 4*g + 6, 16 = -3*y - y - 4*g. Let q = 26 + y. Suppose p = 5*o + 35, 4*o + 40 = -3*p + 4*p. Calculate the remainder when p is divided by q.
18
What is the remainder when 45 is divided by (1/(-2))/(151/(-50) - -3)?
20
Suppose -8 = 2*z, 5*z + 43 + 212 = 5*j. Let y = 77 - j. Suppose -24 = -2*t + 4*a, 3*a = -5*t - 2*a + y. What is the remainder when 15 is divided by t?
7
Let l(c) = -c**2 - 2*c - 1 - 5*c + 0*c - 3. What is the remainder when 30 is divided by l(-4)?
6
Let u = -14 - -32. Suppose -41 = -w + 2*j, 3*j = 3*w + 22 - 133. Calculate the remainder when w is divided by u.
15
Suppose -c = -2*c + 4, -2*c = -5*r + 72. What is the remainder when 28 is divided by r?
12
Let p = 0 + 2. What is the remainder when (1 + 1/(-2))*p is divided by 1?
0
Calculate the remainder when ((-2)/3)/((-6)/531) is divided by 31.
28
Let p(q) = 2*q - 11. What is the remainder when 18 is divided by p(8)?
3
Let m(q) = -q**2 + 1. Let w be m(1). Suppose w = -2*b, 7*t - 30 = 2*t + 2*b. Let a = t - -2. Calculate the remainder when 22 is divided by a.
6
Suppose 0 = -3*k - 2*k + 180. Let s be 1620/35 + (-4)/14. Let h = s - 27. Calculate the remainder when k is divided by h.
17
Suppose -3*b + 52 - 15 = 2*w, 2*b - 4*w - 46 = 0. Calculate the remainder when 73 is divided by b.
13
What is the remainder when 50/(-4 + 6) - 4 is divided by 11?
10
Let z = 22 + -11. Suppose 5*a + z - 86 = 0. Suppose -4*m + c + a = 0, c + 6 = -0*m + m. What is the remainder when 7 is divided by m?
1
Let c = -30 + 52. Suppose q - c = -3. Suppose 0 = -4*i + 9 + 31. Calculate the remainder when q is divided by i.
9
Let s(q) = 36*q + 5. Calculate the remainder when s(3) is divided by 39.
35
Suppose -7*o + 4*o = -3*s + 6, -3*o + 2*s - 1 = 0. Suppose 0 = n + o*n - 44. Calculate the remainder when 19 is divided by n.
8
Let s be (-58)/(2/2)*1. Let p = s + 84. Suppose -o = -0*n - 5*n + 42, o - 39 = -4*n. What is the remainder when p is divided by n?
8
What is the remainder when ((-66)/(-15))/((-8)/(-60)) is divided by 6?
3
Suppose -3*y = -5*q + 43, q - 9 = y - 2. Suppose v + 0*v - 324 = 0. What is the remainder when (-10)/25 + v/10 is divided by q?
10
Let x(y) = 2 + 0*y + 2*y**2 - 8*y - 5 - 5. Let k be x(8). Suppose 6*j - k = 2*j. Calculate the remainder when 26 is divided by j.
12
Let n(t) = 3*t**2 + 0*t - t**3 + 2*t + 2*t**2 + 2*t. Let p = 68 - 29. Calculate the remainder when p is divided by n(5).
19
Suppose -b + 7 = 2. Suppose -2*j + 0 = -2, -b*z = j - 31. Let m = 22 + -6. What is the remainder when m is divided by z?
4
Suppose m = -m - 6. What is the remainder when 35 is divided by (m + 5)/((-2)/(-13))?
9
Suppose 6*k - k = -30. Calculate the remainder when ((-2)/k)/(2/222) is divided by 13.
11
Let x(h) = -h**2 + 10. Calculate the remainder when 5 is divided by x(3).
0
Suppose -5*y = 3 + 2, 2*q + 4*y - 10 = 0. Suppose -5*x = -q*x + 28. Let j = -15 + 42. What is the remainder when j is divided by x?
13
Let w(k) = -2 + 2 + 3*k**2 - 4*k + 2. Let m(g) = -g**2 + 5*g - 4. Let t be m(3). Calculate the remainder when 17 is divided by w(t).
5
Let c(x) = -x**2 - 4*x + 3. Let a(j) = 2*j**2 + 8*j - 5. Let n(p) = -3*a(p) - 5*c(p). What is the remainder when 3 is divided by n(-3)?
0
Let g = 21 - 15. Suppose 0 = -3*v - 6 - g, -4*h - 3*v = 0. Calculate the remainder when 11 is divided by h.
2
Let r = -5 + 13. Calculate the remainder when (-742)/(-18) + r/(-36) is divided by 14.
13
Let c(x) = -x - 2. Let s be c(8). Let l = -7 - s. What is the remainder when l is divided by 2?
1
Suppose 2*u = -4*a + 4, -5*u + 46 = -2*u - 2*a. What is the remainder when 41 is divided by u?
5
Suppose 0 = -3*u + 14 + 28. What is the remainder when 55 is divided by u?
13
Let u = 129 + -44. Let b = u + -50. Calculate the remainder when b is divided by 12.
11
Let j = 5 - 8. Let y(p) = 5*p**2 - 4*p - 1.